 (-4 - -2)?
1
Calculate 3 + (-4 - -1) + 8 + -6.
2
What is the value of -1 + (2 - -1 - (4 + -1))?
-1
Evaluate 1 - (-2 + 1) - 6.
-4
Evaluate -4 + 5 + (2 - -1) - 7.
-3
What is the value of 1 - -2 - (-1 + 5)?
-1
Evaluate -4 + 4 + 2 + -4.
-2
What is 5 - (0 + -2 + 2)?
5
Calculate -1 + (0 - (6 + -5)).
-2
Calculate 1 - (4 - -6 - 7).
-2
Calculate 7 + -1 + (-7 - (-6 + 1)).
4
Calculate 0 + (-5 - -1 - -1).
-3
Evaluate 4 - -6 - (10 + -9).
9
What is the value of -1 - (6 - -1 - -1)?
-9
Evaluate -3 + -3 + 5 + -9 + 5.
-5
15 + -4 - 2 - (5 + -1)
5
What is the value of -6 + 6 + -3 + (-5 - -3)?
-5
What is the value of -2 - ((2 - (-3 - -1)) + -2)?
-4
What is (-1 - -7) + 6 + (-2 - 10)?
0
What is the value of -13 + 13 + (0 - 2 - -6)?
4
Calculate 2 - (0 + -1 + -2 + 3).
2
What is ((-2 - -7) + 1 - 5) + 0?
1
Calculate 0 + (-25 - -12) + 4.
-9
Calculate (157 - 151) + (-1 - 11).
-6
What is the value of -12 + 27 + 3 + -8?
10
What is the value of 0 + (-8 - -6 - 1)?
-3
What is 6 + (-2 - (1 + -3 + 2))?
4
0 - (8 - (12 + -6))
-2
What is the value of -11 + 0 - -12 - (-3 - -3)?
1
What is the value of -1 - 3 - (-3 + -3 + 4)?
-2
What is (-20 - -10) + 16 + 2?
8
Calculate 8 + -2 + -26 + 19 + -2.
-3
Calculate (-6 - (-25 - -11)) + -1 + 0.
7
What is (6 - 4) + -5 - -1?
-2
Evaluate (1 - (5 - (1 + 0))) + 6.
3
21 + -18 - (2 + 1 + 1)
-1
What is -1 + -4 + 6 + 0 + 1?
2
What is (-1 + 1 - 5 - -2) + -1?
-4
What is the value of 0 - (-5 - 1 - -1)?
5
What is the value of 3 - (-1 - 0 - 1)?
5
What is the value of -10 + 11 + (-1 - -2) + -1?
1
Calculate -6 + 4 + (1 - (3 + -2)).
-2
Calculate -2 + 1 + 3 + -4 + 0.
-2
What is 2 + 2 + 5 + -6 + 0?
3
What is the value of 1 - 1 - (0 + -4)?
4
What is the value of 6 + 0 + -5 + 1 + 2?
4
(1 - (3 + 0)) + 0
-2
-97 - -84 - (-1 + -4 - 2)
-6
-7 - (-2 + 2 - 5)
-2
What is the value of -3 - (0 + -2) - (-3 - -5)?
-3
What is the value of (1 - -4) + (3 - (-9 - -18))?
-1
-5 - 2 - (-2 + 1) - -3
-3
-1 + (-6 - (6 + -4 + -3))
-6
What is 15 + -9 + -2 + 0 + -4?
0
Evaluate -5 + 7 - (-2 - (0 + 1)).
5
Calculate -12 + 8 - (-1 - 1).
-2
Calculate 3 + (-3 - 1) + 1.
0
What is -14 - (0 + -1 + -8)?
-5
Calculate 0 + (5 - 9) + 2.
-2
-33 - -29 - (1 + -8)
3
-8 - (-5 + -7 + 5 + 6)
-7
8 - (1 + 2) - (10 - 1)
-4
Calculate -5 - -4 - (-3 - (11 - 4)).
9
4 + -3 - (-7 + 4)
4
Calculate (-5 + 1 - -1) + 6.
3
-1 + 2 + (-9 + 0 - -3)
-5
What is 16 - 16 - (-2 + 0 + 2)?
0
What is (5 - (-8 + 8)) + 1 - 12?
-6
Calculate (-3 - -3) + 0 + 1.
1
What is the value of 7 + -13 + (0 - -4)?
-2
Evaluate -2 + 0 - (4 + -4 + -3).
1
What is 10 + (-8 - (-4 - 0)) + -12?
-6
Calculate -8 - (-4 - 5 - 2).
3
What is the value of (7 - -5) + -5 - 5?
2
Evaluate (-11 - -9 - 4) + -3 + 11.
2
Calculate (0 - 0 - 4) + 6.
2
Evaluate 2 - (18 + -10 - 8).
2
8 - (9 - -5 - 3)
-3
What is -2 + 6 - 0 - 12?
-8
-5 - (6 - 6) - 0
-5
What is the value of -11 + (9 + 5 - 4)?
-1
Calculate 6 + 2 + -17 + 9.
0
2 + (4 - (13 - 6))
-1
What is the value of 2 - (3 + -1 - (5 + -7))?
-2
Calculate 0 + 11 - (43 - 23).
-9
Evaluate 7 + -11 - (9 - 21).
8
What is the value of -5 - (0 + -9 - -1)?
3
What is the value of 2 + 1 + -1 + 6 + -7?
1
What is -12 + (8 - -1) - (1 + 5)?
-9
(-4 - -2) + -4 - (2 + -11)
3
Calculate 0 + 3 + 2 - (11 + -8).
2
-1 - 1 - (-8 + 9)
-3
3 + -3 - 5 - (6 + -3)
-8
What is the value of -2 - (-5 + 3 + 5)?
-5
What is the value of (1 - -1) + (-25 - -17)?
-6
What is 2 - (-1 + 1 + -6)?
8
Evaluate (1 + -12 - 10) + 12.
-9
What is -4 + 1 - -15 - 7?
5
Evaluate 5 + (-9 - (-14 - -1)).
9
Calculate 0 - (3 + -6 + -1).
4
(-14 - (-3 + -5)) + 8
2
3 + -18 + 1 - -7
-7
What is -9 - (0 - (4 + 2)) - 2?
-5
Evaluate -3 + (4 + (2 - 2) - 1).
0
(2 - (2 + -4)) + 1 + -2
3
Evaluate -2 - (4 + (-5 - 2)).
1
What is the value of -4 + 5 + -3 + 0 + 5?
3
What is 1 + (4 - 3 - 5)?
-3
Evaluate -75 - -70 - (-8 - -1).
2
Calculate (7 - (0 - 1)) + (1 - 4).
5
Evaluate (-3 - -1) + 17 + (-24 - -7).
-2
What is the value of 9 - (0 - -9 - -5)?
-5
Evaluate -1 - (3 - 5) - (-6 + 2).
5
2 + -3 + (-13 - -23)
9
What is 0 + (5 - 2 - -1)?
4
Calculate 5 + -2 + 5 + -3.
5
Calculate (-2 - -4) + 4 + -1.
5
Calculate -2 + 1 - (-5 - -4).
0
-2 - -5 - (-1 + -1)
5
Evaluate (-183 - -183) + (-7 - 0).
-7
Calculate -1 + (-1 - 0 - 0) + -1.
-3
What is the value of (-1 - (-2 + -2)) + -3?
0
Evaluate 75 + -72 - (-1 - -9).
-5
7 + -4 - (7 - (-1 + 4))
-1
What is the value of (13 - 6) + -10 + (-2 - -2)?
-3
Evaluate 8 + -1 + (1 + -6 - -3).
5
What is 0 - -5 - (1 - 2)?
6
0 + -3 + 4 + -4
-3
Calculate (9 - (0 + 7)) + 1 + 0.
3
What is 5 - -8 - (-1 - -8)?
6
What is the value of (0 - (4 + -2 - 4)) + -3?
-1
-7 + -1 + (6 - 1)
-3
Calculate 0 + 3 + (-4 - -8) + -3.
4
What is -1 - -1 - (4 - 6) - 4?
-2
Evaluate (6 - (5 - 2)) + -2.
1
What is the value of (5 - (9 + -1)) + 0 + -2?
-5
Calculate 8 + -7 + -9 - -3.
-5
What is 0 + (-7 - -2 - 1)?
-6
Evaluate (0 - 2) + 3 + -7.
-6
3 + (-1 - (0 + 3)) - -3
2
Calculate -1 + 8 + -17 - -8.
-2
Calculate -50 + 42 + 9 + 0.
1
5 + 0 + 0 + -2
3
Calculate (-8 + 15 - 8) + -4.
-5
What is (-1 - 0 - 3) + 0 + 5?
1
What is the value of -7 + (0 - 0) + (129 - 130)?
-8
2 + -7 + 8 - -2
5
What is the value of -2 + 2 + (-6 - (-3 + -1))?
-2
Evaluate 0 - (-1 + 1) - (0 - -3).
-3
What is the value of 2 + 3 - (-2 - -3)?
4
10 + -6 + (-9 - (-4 + 0))
-1
What is 0 + (16 - 10) + -11?
-5
What is 8 - (13 + -5) - -6?
6
What is the value of 1 + 0 - (0 + -5 - -2)?
4
Evaluate -6 - (-3 + 5 + -7 + 5).
-6
Evaluate 1 + (0 - -1) + 2.
4
What is 0 + 4 - 5 - -2?
1
Evaluate 2 + (5 - 4 - 4) + 0.
-1
7 - (-2 - -3 - (3 - 7))
2
What is 13 - 13 - (0 + 0 + 2)?
-2
Calculate 12 - (25 - 14) - (8 + -1).
-6
What is the value of -38 + 8 + 13 + 12?
-5
Evaluate 0 + 2 + 2 + -4 + 2.
2
Calculate 0 - (0 - (-3 + 0)).
-3
Calculate -3 + -3 - (-3 + 11 - 16).
2
What is -5 - -15 - 16 - (3 + -3)?
-6
Evaluate (-1 + 1 - -2) + -86 + 78.
-6
Calculate -2 + (6 - (-2 + (4 - -1))).
1
What is the value of -2 - 2 - (3 - (15 - 3))?
5
(6 - 1 - (2 - 1)) + -3
1
What is (-14 - (-14 + -2)) + (3 - 0)?
5
(-6 - (-2 - -2)) + (6 - -2)
2
-4 + 8 - (-1 + 3)
2
1 + -3 + 1 - -2
1
What is -86 + 75 + (-2 - -7) + 2?
-4
Calculate 8 + -1 + -82 + 81.
6
What is the value of (-12 - -1) + (17 - 9)?
-3
Calculate (-55 - -56) + (-2 + 2 - 1).
0
Calculate (-3 - -2) + 2 - -1.
2
Calculate -2 + 12 + -4 + -8.
-2
Evaluate 0 + 2 + -1 - (-146 - -142).
5
What is the value of -6 + 11 + -6 + 1 + 6?
6
-7 + 21 - 4 - 6
4
(-1 - (-9 - 8)) + -9
7
What is 3 - -5 - (1 + 2)?
5
What is the value of 0 - (-9 + 6 + -3 + 1)?
5
Calculate 4 - (7 - (5 + -1) - -4).
-3
15 - 22 - -5 - (-1 + 2)
-3
What is (-5 - (-2 + -4)) + 3?
4
What is 2 + (-4 + 0 - 3)?
-5
What is the value of (-15 - -20) + (-10 - (2 + -2))?
-5
Evaluate 2 - (-1 + (4 - -4)).
-5
(-6 - 1) + 5 + (9 - 13)
-6
What is 15 + -22 - (1 + -10) - -1?
3
Evaluate (-3 - (-8 - 0)) + (-1 - -1).
5
Evaluate 3 + (7 - (9 - -2)).
-1
-4 + 7 + -2 + 2
3
Evaluate 2 - (0 + 0 + (-39 - -41)).
0
Evaluate -4 - (2 - 6) - -5.
5
Calculate 5 + 4 + 0 + -3 + -2.
4
What is the value of (-8 - (8 + -8 - 3)) + 8?
3
What is 5 + (3 - 5 - (6 - 4))?
1
What is the value of 4 + 2 + 4 + -5?
5
Evaluate 21 - 15 - (4 - -3).
-1
What is the value of -2 + -1 - (29 + (-3 - 26))?
-3
What is -4 - (-6 + -2 - 2)?
6
What is (12 + 0 - 9) + -9?
-6
What is the value of 5 - (-5 - (2 + -2)) - 2?
8
What is the value of -12 + (-5 - -11) - 1?
-7
Evaluate -9 - (10 + -1 + -19).
1
What is the value of -1 - (7 + -7) - -7?
6
What is -61 + 61 - (0 + 1)?
-1
What is -8 - (7 - (6 - -4))?
-5
(4 + -2 - -5) + -8
-1
Calculate 4 + -5 + -1 + 8 + -2.
4
What is the value of 4 + -2 + -1 - -7 - 2?
6
-3 - (-1 + 2 - 4) - -1
1
What is the value of 1 + 2 + -16 + 14 + -6?
-5
Calculate 4 + (-6 - -7 - (-4 + 11)).
-2
(8 - 4) + (0 - -1) + -2
3
What is the value of (3 - 8) + -1 + 4?
-2
Evaluate (5 - -2) + -5 + 2.
4
5 - -1 - (19 - 11)
-2
-2 + 4 + (6 - 7)
1
-1 - (3 + -1 + 2)
-5
-4 + (-3 - 0 - -9) + 0
2
-4 + 9 + (-7 - -3)
1
Calculate 6 + (7 - (1 + 9)).
3
Calculate 2 + (-21 - -8) - -4.
-7
Calculate -1 - -1 - (-4 + 7 - 1).
-2
Evaluate -3 - (3 - (16 + -3)).
7
Calculate -33 + 18 - -16 - (-8 + -1).
10
What is the value of 0 - -7 - (-9 + 14)?
2
What is the value of -4 - (19 + -24 + (-3 - 1))?
5
Evaluate -19 - (7 - -6 - 21).
-11
(0 - (0 - 6)) + -7
-1
(4 - 2) + 0 - (12 + -10)
0
What is the value of -4 + 5 + -4 + -3 - -6?
0
Calculate (0 - -8) + -27 + 23.
4
Evaluate -3 + 10 + -4 + -2.
1
What is the